ed by c.
12
What is the remainder when 25 is divided by (-44)/(-3) - (-4)/(-6)?
11
Let f = 137 - 128. Calculate the remainder when 34 is divided by f.
7
Let x(v) = 204*v + 8. Let c(u) = -29*u - 1. Let p(l) = 20*c(l) + 3*x(l). Let a be p(3). Suppose h - a = -3*h. What is the remainder when h is divided by 9?
7
Suppose -8 = b - 29. What is the remainder when b is divided by 8?
5
Suppose -3*c + 12 = 0, c - 12 = 3*w - 5. What is the remainder when w - ((3 - 56) + 1) is divided by 18?
15
What is the remainder when 32 is divided by ((-44)/16)/((-1)/4)?
10
Let p = -57 - -82. What is the remainder when 224 is divided by p?
24
Suppose i + 154 = -0*i. Let j = -84 - i. Suppose 0 = 3*z - z - j. Calculate the remainder when z is divided by 18.
17
Let y(c) = -c**3 - 3*c**2 + 4*c - 2. Let f be y(-4). Let x = 0 - f. Let u(q) = 3*q**3 - 2*q**2 - 3*q + 3. Calculate the remainder when 23 is divided by u(x).
10
Suppose -16 = 15*s - 736. Calculate the remainder when s is divided by 14.
6
Let j(o) = o**3 - 10*o**2 - 11*o + 16. Suppose -6*w = -3*w - 138. What is the remainder when w is divided by j(11)?
14
Let c(t) = t**3 + 7*t**2 + 9. Let z be c(-7). Calculate the remainder when 9 is divided by 1*z - (-3)/(-1).
3
Let a be (-3)/9 + 57/9. Calculate the remainder when 44 is divided by (a/1)/((-2)/(-5)).
14
Suppose 3*d = m + 65, 43 = -d + 2*d + 5*m. Let l = 4 + 4. What is the remainder when d is divided by l?
7
Suppose h + 4*h = 30. Let c = 1 + 9. What is the remainder when c is divided by (-32)/(-12)*h/4?
2
Suppose 10 = -2*h, 7*h - 5*h + 34 = 2*w. Let g(x) = x**2 + 6*x - 5. Let f be g(-4). Let c = w - f. What is the remainder when c is divided by 9?
7
Let k(y) = y**2 + 2*y + 1. Let q be (-2)/(((-10)/3)/(-5)). What is the remainder when 7 is divided by k(q)?
3
What is the remainder when (-88)/6*-3 - 1 is divided by 2/(-15) - 1660/(-75)?
21
Suppose -4*i = 2 + 102. What is the remainder when 26 is divided by 44/(-11) - i/2?
8
Let g(h) = h**2 - 6*h + 5. Let b be g(6). Suppose 0 = -5*v + b, 0*c - 4*v = 2*c - 26. Calculate the remainder when 43 is divided by c.
10
Suppose 0 = -5*p + 7*p - 58. What is the remainder when 143 is divided by p?
27
Suppose -13 + 0 = -f. What is the remainder when f is divided by 5?
3
Suppose u + 3*u + t + 344 = 0, 2*u - t + 166 = 0. Let y be u/2 - (-2)/(-4). Let r = -11 - y. What is the remainder when r is divided by 17?
15
Let s = 157 - 156. Calculate the remainder when 5 is divided by s.
0
Let c = 132 - 78. What is the remainder when c is divided by 14?
12
Suppose -3*w + 129 = -r + 4*r, 0 = 2*r - 2*w - 82. Let f = -84 + 95. What is the remainder when r is divided by f?
9
Let t(l) = -l**3 + 5*l**2 - 2. Let d be t(5). Let q = -506 - -520. What is the remainder when -13*(0/2 + d) is divided by q?
12
Suppose 3*l - 84 = -2*p, -64 = 4*p + l - 242. What is the remainder when p is divided by 16?
13
Suppose 5*f = 15, 0 = -5*z + f + 325 + 97. Calculate the remainder when z is divided by 15.
10
Let t(d) = -d**2 + 16*d - 15. What is the remainder when 64 is divided by t(12)?
31
Let p = 1 + 3. Let z(f) = f**2 - 2*f - 3. What is the remainder when 13 is divided by z(p)?
3
Suppose 2*v + 5*c + 469 = 0, 0*v - 3*c = -4*v - 977. Let i = v - -140. Calculate the remainder when 36 is divided by i/(-8) - 4/(-16).
10
Let q(k) = k**2 - 4*k - 10. Suppose -4*p = -2*p. Suppose p*u = 4*u - 28. What is the remainder when q(u) is divided by 6?
5
Suppose -g + p - 5*p + 41 = 0, 2*g = -2*p + 82. Calculate the remainder when g is divided by 6.
5
Suppose 2*q = 2*b - 23 - 7, 4*q + 60 = -4*b. Let f = 27 + q. What is the remainder when 35 is divided by f?
11
Suppose -3*b + 8 = a, 5*b + 126 - 46 = 3*a. What is the remainder when a is divided by 11?
9
Suppose -12*z + 1271 + 1237 = 0. What is the remainder when z is divided by 35?
34
Let b = -12 + 17. What is the remainder when 18 is divided by b?
3
Suppose 29*r - 30*r = -10. Let c = -28 + 55. Calculate the remainder when c is divided by r.
7
Let t = 74 + -56. Suppose -4*k + o = -3*o - 288, 4*o - 396 = -5*k. Suppose -3*q = -k - 29. Calculate the remainder when q is divided by t.
17
Suppose -2*s - 14 = 4*j - 106, -4*s + 180 = 4*j. Let x(p) = p**2 - 3 + 9*p + 5*p**2 - p**2 - p**3. What is the remainder when s is divided by x(6)?
14
Suppose 3*c = j - 43, 2*c - 67 = -3*j + 62. Calculate the remainder when j is divided by 22.
21
Let k(s) = s**2 + 2*s + 6. Suppose 0 = -q - 3*q - 16. Let c(i) = 14*i - 3. Calculate the remainder when c(3) is divided by k(q).
11
Let s(m) = m**2 + 12*m + 5. Let i be ((-6)/(-3) - 3)*0. Suppose i = -4*j - j + 70. Calculate the remainder when j is divided by s(-12).
4
Calculate the remainder when 53 is divided by -4*3/((-3)/(3/2)).
5
Let f = -11 + 15. Suppose n + f*n - 15 = 0. Calculate the remainder when 4 is divided by n.
1
Suppose -3*w + 42 = -0*x + 3*x, -4*w + 3*x = -42. Calculate the remainder when 45 is divided by w.
9
Let x = 0 + 0. Suppose x*i = i - 2. Suppose h - 28 = -2*m, i*m - 18 = 3*h + h. Calculate the remainder when 38 is divided by m.
12
Suppose -3*x = -r - 70, 4*r + 20 = 3*x - 35. What is the remainder when 57 is divided by (-72)/(-5) + 15/x?
12
Let g = 154 + -56. Calculate the remainder when g is divided by 25.
23
Let j(x) = x**3 + 6*x**2 - x - 6. Let p be j(-6). Suppose 22 = i - p*i. What is the remainder when i is divided by 6/4*64/12?
6
Let r = 0 - -3. Suppose 2*c + 2*c - 52 = 0. Let n = c - 6. What is the remainder when n is divided by r?
1
Let a = 15 + -11. Suppose -25 = -3*m - 2*g, 2*m + a*g - 31 + 9 = 0. Calculate the remainder when 39 is divided by m.
4
Suppose 0*r = l + 4*r - 12, -5*l + r + 18 = 0. What is the remainder when 12 is divided by l?
0
Let i(c) = 8*c**2. Let v be i(1). Let g be 50/v - 6/(-8). Suppose m - g = 2*b, -4*m - 11 = -7*m + b. What is the remainder when 5 is divided by m?
2
Suppose p = -0 + 3. Let q be p*((-11)/(-3) + -3). Let c = 17 - q. Calculate the remainder when c is divided by 9.
6
Let n(d) = -d**2 + 12*d - 12. Suppose -6*b + 116 + 142 = 0. What is the remainder when b is divided by n(9)?
13
Let i(l) = -3*l. What is the remainder when i(-5) is divided by 4?
3
Let h(f) = 2*f**2 + 5*f + 7. Calculate the remainder when 119 is divided by h(3).
39
Suppose -4*s - 4*b = -2*b - 46, -4*s + 37 = -b. Let r(q) = q**3 + 5*q**2 - 7*q - 4. Let u be r(-6). What is the remainder when 18 - (-1)/u*-2 is divided by s?
7
Suppose 0*m + m = 5. Suppose -2*u = -m*u + 18. What is the remainder when 26 is divided by 75/9 - u/(-9)?
8
Let o(y) = -12*y + 14. Calculate the remainder when 50 is divided by o(-1).
24
Let j = 5 + -9. Let n be j/(-8)*(1 - -1). What is the remainder when ((-2)/(-3))/(n/6) is divided by 2?
0
Let f(g) = 2*g**2 + 4*g - 14. What is the remainder when 131 is divided by f(4)?
29
Suppose -76 = -5*r + 3*n, -2*n = r - 26 + 3. Calculate the remainder when 202 is divided by r.
15
Suppose 5*t = -4*o + 201, 3*o - t - t - 168 = 0. Suppose 5*d - o = d + 5*f, -f = 2. Let y = -4 - -23. What is the remainder when y is divided by d?
8
Let s = 166 - 99. What is the remainder when s is divided by 14?
11
Let p = 10 - -6. Let k = 20 + 41. Calculate the remainder when k is divided by p.
13
Let n be 12/8 - 9/(-6). Suppose -n*i = -0*m - 5*m + 73, 4*m - 2*i = 58. Calculate the remainder when 26 is divided by m.
12
Calculate the remainder when 105 is divided by (-2)/(-4) - (-497)/14.
33
Calculate the remainder when 62 is divided by (-5)/10*32*-2.
30
Suppose 2*g + 3*u + 14 + 43 = 0, 5*g + 190 = 2*u. Let v = -20 - g. Calculate the remainder when v is divided by 9.
7
Suppose 2*f = -4*i + 64, 3*f = -2*f - 20. Calculate the remainder when 43 is divided by i.
7
Calculate the remainder when 73 is divided by ((-111)/((-1)/(-1)))/(-3).
36
Let l(p) = p**3 + 3*p**2 - 4*p + 4. What is the remainder when 19 is divided by l(-4)?
3
Let d(l) = l**3 + 10*l**2 + 16*l + 15. Calculate the remainder when 57 is divided by d(-8).
12
Let m(v) = -v**3 - 6*v**2 + 3*v - 5. What is the remainder when 67 is divided by m(-7)?
21
Suppose -760 - 250 = -5*t. Calculate the remainder when t is divided by 12.
10
Calculate the remainder when 4 + 12/20*5 is divided by 2.
1
Let p(v) = -v**3 + 7*v**2 - 7*v + 6. Let f be p(6). Suppose h - 8 = -f. What is the remainder when 30 is divided by h?
6
Let x be 46/14 - (-4)/(-14). Suppos